091, 22679
What are the prime factors of 1052611885?
5, 13, 16194029
List the prime factors of 152957145.
3, 5, 11, 927013
What are the prime factors of 70072377?
3, 127, 183917
List the prime factors of 791469478.
2, 487, 812597
List the prime factors of 105852147.
3, 35284049
List the prime factors of 1589451407.
109, 199, 73277
List the prime factors of 13061436.
2, 3, 19, 57287
What are the prime factors of 245045326?
2, 641, 191143
List the prime factors of 1641273075.
3, 5, 13, 17, 2539
What are the prime factors of 133939743?
3, 7, 41, 73, 2131
List the prime factors of 3056520158.
2, 19, 8761, 9181
List the prime factors of 542690149.
542690149
What are the prime factors of 285020653?
19, 15001087
List the prime factors of 1256384065.
5, 17, 14780989
List the prime factors of 2106971744.
2, 109, 604063
List the prime factors of 311236778.
2, 653, 238313
What are the prime factors of 101693266?
2, 50846633
What are the prime factors of 463548696?
2, 3, 13, 1485733
List the prime factors of 39847224.
2, 3, 23, 37, 1951
What are the prime factors of 567302048?
2, 17728189
What are the prime factors of 40508634?
2, 3, 6751439
List the prime factors of 25042379.
139, 180161
List the prime factors of 175870728.
2, 3, 11, 222059
What are the prime factors of 933856751?
431, 2166721
List the prime factors of 86170055.
5, 281, 61331
List the prime factors of 281500099.
937, 300427
List the prime factors of 210598896.
2, 3, 4387477
List the prime factors of 1111709028.
2, 3, 107, 865817
List the prime factors of 85346926.
2, 7, 229, 3803
List the prime factors of 274920316.
2, 11, 79, 139, 569
What are the prime factors of 22902639?
3, 521, 14653
What are the prime factors of 152698474?
2, 601, 127037
List the prime factors of 2776324220.
2, 5, 397, 349663
List the prime factors of 3114079568.
2, 313, 621821
What are the prime factors of 76967907?
3, 25655969
What are the prime factors of 37188199?
139, 267541
List the prime factors of 398739918.
2, 3, 31, 2143763
What are the prime factors of 775753105?
5, 211, 735311
List the prime factors of 2665060873.
463, 739, 7789
What are the prime factors of 1349907314?
2, 7, 96421951
What are the prime factors of 73806652?
2, 167, 313, 353
List the prime factors of 4484755.
5, 11, 73, 1117
List the prime factors of 39462967.
17, 1489, 1559
List the prime factors of 1081614107.
7, 2237, 69073
List the prime factors of 34607316.
2, 3, 661, 4363
List the prime factors of 54652289.
54652289
What are the prime factors of 2166181889?
43, 50376323
List the prime factors of 736469918.
2, 1193, 308663
What are the prime factors of 41952592?
2, 11, 349, 683
What are the prime factors of 103100926?
2, 5303, 9721
List the prime factors of 1601340705.
3, 5, 29, 409027
List the prime factors of 153904561.
67, 79, 29077
List the prime factors of 2240487876.
2, 3, 11, 3761, 4513
List the prime factors of 90584587.
5153, 17579
List the prime factors of 2198526426.
2, 3, 47, 2598731
What are the prime factors of 91899955?
5, 7, 653, 4021
List the prime factors of 13617355.
5, 107, 25453
What are the prime factors of 457515598?
2, 5683, 40253
List the prime factors of 5018439135.
3, 5, 334562609
List the prime factors of 2103726635.
5, 67, 6279781
What are the prime factors of 23932833?
3, 7977611
What are the prime factors of 2318478156?
2, 3, 17, 199, 19037
List the prime factors of 834840923.
7, 119262989
List the prime factors of 62058259.
62058259
List the prime factors of 2956841495.
5, 37, 251, 1721
List the prime factors of 1126654295.
5, 13, 17333143
List the prime factors of 153255803.
153255803
What are the prime factors of 2631158246?
2, 229, 617, 9311
What are the prime factors of 6333364293?
3, 233, 9060607
List the prime factors of 496334691.
3, 55148299
What are the prime factors of 42209364?
2, 3, 829, 4243
List the prime factors of 3573034.
2, 47, 38011
List the prime factors of 469237587.
3, 7, 13, 17, 101107
What are the prime factors of 593396799?
3, 197798933
List the prime factors of 241549319.
11, 21959029
What are the prime factors of 3209089107?
3, 7, 152813767
List the prime factors of 6597100.
2, 5, 37, 1783
What are the prime factors of 88562396?
2, 13, 1703123
List the prime factors of 6533200434.
2, 3, 31337, 34747
What are the prime factors of 260430839?
260430839
What are the prime factors of 1784843085?
3, 5, 71, 859, 1951
List the prime factors of 2807422376.
2, 11, 127, 251201
List the prime factors of 466243243.
47, 2281, 4349
List the prime factors of 2303017905.
3, 5, 3691, 41597
List the prime factors of 370671111.
3, 17, 83, 101
List the prime factors of 39587120.
2, 5, 419, 1181
What are the prime factors of 407308510?
2, 5, 7, 19, 306247
List the prime factors of 1683046877.
241, 6983597
List the prime factors of 4418181745.
5, 157, 5628257
List the prime factors of 4686951310.
2, 5, 487, 962413
List the prime factors of 220329490.
2, 5, 41, 181, 2969
List the prime factors of 259987858.
2, 13, 9999533
List the prime factors of 1924082.
2, 962041
List the prime factors of 1222092605.
5, 61, 4006861
What are the prime factors of 7228098247?
353, 20476199
What are the prime factors of 3922539900?
2, 3, 5, 13075133
List the prime factors of 62293978.
2, 433, 71933
What are the prime factors of 3489330143?
13, 4139, 64849
List the prime factors of 43254527.
691, 62597
What are the prime factors of 102660149?
6229, 16481
List the prime factors of 269704154.
2, 31, 4350067
List the prime factors of 56275330.
2, 5, 5627533
List the prime factors of 4305456835.
5, 861091367
List the prime factors of 5127958188.
2, 3, 151, 239, 3947
What are the prime factors of 2805265488?
2, 3, 19, 3075949
What are the prime factors of 4589759177?
18493, 248189
What are the prime factors of 1345004419?
11, 17, 23, 28429
What are the prime factors of 1687801341?
3, 23, 24460889
List the prime factors of 148759184.
2, 7, 1328207
What are the prime factors of 461455489?
11, 19, 43, 51347
List the prime factors of 496741398.
2, 3, 82790233
List the prime factors of 848945519.
109, 233, 33427
List the prime factors of 2627641.
1621
List the prime factors of 27873722.
2, 19, 733519
List the prime factors of 59393679.
3, 19797893
What are the prime factors of 1557123140?
2, 5, 77856157
What are the prime factors of 42559703?
103, 413201
List the prime factors of 398669266.
2, 1297, 153689
List the prime factors of 1264847417.
41, 1373, 22469
List the prime factors of 1837447175.
5, 79, 757, 1229
List the prime factors of 30743108.
2, 11, 43, 16249
List the prime factors of 951496072.
2, 118937009
List the prime factors of 1458993344.
2, 3119, 7309
List the prime factors of 90636710.
2, 5, 89, 101839
What are the prime factors of 37709210?
2, 5, 7, 11, 48973
What are the prime factors of 3859587518?
2, 53, 947, 38449
What are the prime factors of 989049129?
3, 13457, 24499
What are the prime factors of 156880525?
5, 97, 64693
What are the prime factors of 1153280648?
2, 13, 67, 165511
What are the prime factors of 333204575?
5, 11, 1211653
List the prime factors of 1381693973.
11, 23, 41, 133201
What are the prime factors of 2629542952?
2, 328692869
List the prime factors of 1255482004.
2, 7, 59, 499, 1523
What are the prime factors of 50129078?
2, 673, 37243
What are the prime factors of 46862820?
2, 3, 5, 86783
List the prime factors of 2361436680.
2, 3, 5, 17, 23, 50329
List the prime factors of 1236438515.
5, 13, 59, 322409
What are the prime factors of 18023655?
3, 5, 13, 17, 5437
What are the prime factors of 72036839?
7, 31, 331967
What are the prime factors of 347391312?
2, 3, 373, 19403
What are the prime factors of 62908938?
2, 3, 89, 107, 367
List the prime factors of 64596517.
64596517
What are the prime factors of 43765145?
5, 271, 32299
What are the prime factors of 35272586?
2, 17, 727, 1427
List the prime factors of 70724258.
2, 11, 292249
What are the prime factors of 326336092?
2, 61, 1337443
List the prime factors of 186463024.
2, 11, 23, 73, 631
List the prime factors of 119852676.
2, 3, 41, 27067
List the prime factors of 2907554174.
2, 7, 207682441
What are the prime factors of 290496425?
5, 17, 47, 14543
List the prime factors of 1153566689.
11, 9533609
What are the prime factors of